{"id":6832,"date":"2024-10-17T21:01:57","date_gmt":"2024-10-18T00:01:57","guid":{"rendered":"https:\/\/museudascoisasbanais.com.br\/exposicao\/?post_type=tnc_col_5852_item&#038;p=6832"},"modified":"2024-10-17T21:01:58","modified_gmt":"2024-10-18T00:01:58","slug":"penteadeira","status":"publish","type":"tnc_col_5852_item","link":"https:\/\/museudascoisasbanais.com.br\/exposicao\/objetos-que-aproximam-dentro-de-casa\/penteadeira\/","title":{"rendered":"Penteadeira"},"content":{"rendered":"<p>A velha senhora penteava calmamente os cabelos grisalhos e sua imagem diante do espelho n\u00e3o transparecia nenhum tra\u00e7o de cansa\u00e7o ou afli\u00e7\u00e3o. O dia ia terminando e junto com ele predominava o perfume das flores de seu jardim. Cuidadosamente, arrumava os produtos em seu tocador enquanto rememorava felizes lembran\u00e7as. Mais a noite, voltaria a sentar na banqueta \u00e0 sua frente e fitar-se plena antes de dormir, at\u00e9 acordar novamente Pertenceu \u00e0 Sra. Maria J\u00falia Leal de Castro.<\/p>\n","protected":false},"featured_media":6833,"parent":0,"menu_order":0,"comment_status":"closed","ping_status":"closed","template":"","format":"standard","class_list":["post-6832","tnc_col_5852_item","type-tnc_col_5852_item","status-publish","format-standard","has-post-thumbnail","hentry","tnc_tax_19-fortaleza","tnc_tax_5-quarto-adulto"],"_links":{"self":[{"href":"https:\/\/museudascoisasbanais.com.br\/exposicao\/wp-json\/wp\/v2\/tnc_col_5852_item\/6832"}],"collection":[{"href":"https:\/\/museudascoisasbanais.com.br\/exposicao\/wp-json\/wp\/v2\/tnc_col_5852_item"}],"about":[{"href":"https:\/\/museudascoisasbanais.com.br\/exposicao\/wp-json\/wp\/v2\/types\/tnc_col_5852_item"}],"replies":[{"embeddable":true,"href":"https:\/\/museudascoisasbanais.com.br\/exposicao\/wp-json\/wp\/v2\/comments?post=6832"}],"version-history":[{"count":0,"href":"https:\/\/museudascoisasbanais.com.br\/exposicao\/wp-json\/wp\/v2\/tnc_col_5852_item\/6832\/revisions"}],"wp:featuredmedia":[{"embeddable":true,"href":"https:\/\/museudascoisasbanais.com.br\/exposicao\/wp-json\/wp\/v2\/media\/6833"}],"wp:attachment":[{"href":"https:\/\/museudascoisasbanais.com.br\/exposicao\/wp-json\/wp\/v2\/media?parent=6832"}],"curies":[{"name":"wp","href":"https:\/\/api.w.org\/{rel}","templated":true}]}}

<p>A velha senhora penteava calmamente os cabelos grisalhos e sua imagem diante do espelho não transparecia nenhum traço de cansaço ou aflição. O dia ia terminando e junto com ele predominava o perfume das flores de seu jardim. Cuidadosamente, arrumava os produtos em seu tocador enquanto rememorava felizes lembranças. Mais a noite, voltaria a sentar na banqueta à sua frente e fitar-se plena antes de dormir, até acordar novamente Pertenceu à Sra. Maria Júlia Leal de Castro.</p>
