{"id":6763,"date":"2024-10-17T21:00:51","date_gmt":"2024-10-18T00:00:51","guid":{"rendered":"https:\/\/museudascoisasbanais.com.br\/exposicao\/?post_type=tnc_col_5852_item&#038;p=6763"},"modified":"2024-10-17T21:00:52","modified_gmt":"2024-10-18T00:00:52","slug":"sugador","status":"publish","type":"tnc_col_5852_item","link":"https:\/\/museudascoisasbanais.com.br\/exposicao\/objetos-que-aproximam-dentro-de-casa\/sugador\/","title":{"rendered":"Sugador"},"content":{"rendered":"<p>Este objeto tenho muito apre\u00e7o, por ser uma rel\u00edquia nos dias de hoje, guardo com muito carinho para mostrar aos meus netos, como era as coisas de antigamente. \u00c9 um secador de cabelo, mas tem como titulo SUGADOR, sugou minhas economias, pois na \u00e9poca quem podia ter era s\u00f3 quem tinha dinheiro e eu tive que parcelar em muitas vezes para conseguir adquirir esta raridade que fazia a cabe\u00e7a da mulherada nos anos 50. As vezes acho gra\u00e7a pois quem v\u00ea se confunde com aspirador de p\u00f3. Tenho orgulho de ter e poder mostrar para outras gera\u00e7\u00f5es. (Atividades realizadas no projeto Resgate de Mem\u00f3rias em Tempos de Pandemia&#8221; pela professora de Artes Visuais &#8221; EDNA RODRIGUES&#8221; com alunos do Departamento de Cultura de Herval d&#8217;Oeste-SC).<\/p>\n","protected":false},"featured_media":6764,"parent":0,"menu_order":0,"comment_status":"closed","ping_status":"closed","template":"","format":"standard","class_list":["post-6763","tnc_col_5852_item","type-tnc_col_5852_item","status-publish","format-standard","has-post-thumbnail","hentry","tnc_tax_19-luzerna","tnc_tax_5-banheiro"],"_links":{"self":[{"href":"https:\/\/museudascoisasbanais.com.br\/exposicao\/wp-json\/wp\/v2\/tnc_col_5852_item\/6763"}],"collection":[{"href":"https:\/\/museudascoisasbanais.com.br\/exposicao\/wp-json\/wp\/v2\/tnc_col_5852_item"}],"about":[{"href":"https:\/\/museudascoisasbanais.com.br\/exposicao\/wp-json\/wp\/v2\/types\/tnc_col_5852_item"}],"replies":[{"embeddable":true,"href":"https:\/\/museudascoisasbanais.com.br\/exposicao\/wp-json\/wp\/v2\/comments?post=6763"}],"version-history":[{"count":0,"href":"https:\/\/museudascoisasbanais.com.br\/exposicao\/wp-json\/wp\/v2\/tnc_col_5852_item\/6763\/revisions"}],"wp:featuredmedia":[{"embeddable":true,"href":"https:\/\/museudascoisasbanais.com.br\/exposicao\/wp-json\/wp\/v2\/media\/6764"}],"wp:attachment":[{"href":"https:\/\/museudascoisasbanais.com.br\/exposicao\/wp-json\/wp\/v2\/media?parent=6763"}],"curies":[{"name":"wp","href":"https:\/\/api.w.org\/{rel}","templated":true}]}}

<p>Este objeto tenho muito apreço, por ser uma relíquia nos dias de hoje, guardo com muito carinho para mostrar aos meus netos, como era as coisas de antigamente. É um secador de cabelo, mas tem como titulo SUGADOR, sugou minhas economias, pois na época quem podia ter era só quem tinha dinheiro e eu tive que parcelar em muitas vezes para conseguir adquirir esta raridade que fazia a cabeça da mulherada nos anos 50. As vezes acho graça pois quem vê se confunde com aspirador de pó. Tenho orgulho de ter e poder mostrar para outras gerações. (Atividades realizadas no projeto Resgate de Memórias em Tempos de Pandemia&#8221; pela professora de Artes Visuais &#8221; EDNA RODRIGUES&#8221; com alunos do Departamento de Cultura de Herval d&#8217;Oeste-SC).</p>
