{"id":6668,"date":"2024-10-17T20:59:37","date_gmt":"2024-10-17T23:59:37","guid":{"rendered":"https:\/\/museudascoisasbanais.com.br\/exposicao\/?post_type=tnc_col_5852_item&#038;p=6668"},"modified":"2024-10-17T20:59:39","modified_gmt":"2024-10-17T23:59:39","slug":"levada-da-breca","status":"publish","type":"tnc_col_5852_item","link":"https:\/\/museudascoisasbanais.com.br\/exposicao\/objetos-que-aproximam-dentro-de-casa\/levada-da-breca\/","title":{"rendered":"Levada da Breca"},"content":{"rendered":"<p>&#8220;Levada da Breca Em\u00edlia uma linda boneca que tanto desejava na inf\u00e2ncia, dada em um natal especial, pela minha maravilhosa av\u00f3. Lembran\u00e7as, momentos e sensa\u00e7\u00f5es pairam sobre ela h\u00e1 anos, onde durante viagens, anivers\u00e1rios, e muitas e muitas brincadeiras, essa pequena boneca estava presente. Em\u00edlia \u00e9 uma das personagens mais ic\u00f4nicas da literatura infantil, onde durante a hist\u00f3ria a boneca feia de pano ganha vida, assim sua melhor amiga e colegas se aventuram em viagens e muito mais. E assim foi tamb\u00e9m minha rela\u00e7\u00e3o com essa linda bonequinha de pano. Umas das maiores lembran\u00e7as foi quando minha fam\u00edlia foi viajar h\u00e1 uma cidade que encontra no Baixo Amazonas. Um viajem de Bel\u00e9m a Oriximin\u00e1 que durou 7 dias em uma balsa, foram dias agoniantes e feliz ao mesmo tempo. Dorm\u00edamos sobre o motor e balan\u00e7o da maresia era lindo e s\u00f4frego, mas eu e a Dona Em\u00edlia ador\u00e1vamos. Par\u00e1vamos em quase todos os portos do Baixo Amazonas, e para mim a melhor foi em Monte Alegre, eram subidas e subidas e cada monumento, \u00e1rvore, pessoa, casa, tinha que relatar a minha fel escudeira. Era lindo e t\u00e3o inocente, onde a viajem tornava-se mais apreciativa. A chegada ao topo da cidade com minha fam\u00edlia junto, com todas as aventuras que j\u00e1 tinha acontecido e que tamb\u00e9m iriam acontecer, como na vez que a balsa estava quase para virar, ou quando encontramos tartarugas e devolvemos a mar\u00e9, nossa como deixavam-me em \u00eaxtase. A Em\u00edlia para mim, tamb\u00e9m \u00e9 considerado meu objeto afetivo, cujo remete lembran\u00e7as n\u00e3o somente da minha inf\u00e2ncia, mas tamb\u00e9m da minha cidade, da minha fam\u00edlia e da minha casa. Foram in\u00fameros momentos felizes com meus pais, amigos, que s\u00e3o recordados com muito amor e carinho.<\/p>\n","protected":false},"featured_media":6669,"parent":0,"menu_order":0,"comment_status":"closed","ping_status":"closed","template":"","format":"standard","class_list":["post-6668","tnc_col_5852_item","type-tnc_col_5852_item","status-publish","format-standard","has-post-thumbnail","hentry","tnc_tax_19-belem-para","tnc_tax_5-quarto-das-criancas"],"_links":{"self":[{"href":"https:\/\/museudascoisasbanais.com.br\/exposicao\/wp-json\/wp\/v2\/tnc_col_5852_item\/6668"}],"collection":[{"href":"https:\/\/museudascoisasbanais.com.br\/exposicao\/wp-json\/wp\/v2\/tnc_col_5852_item"}],"about":[{"href":"https:\/\/museudascoisasbanais.com.br\/exposicao\/wp-json\/wp\/v2\/types\/tnc_col_5852_item"}],"replies":[{"embeddable":true,"href":"https:\/\/museudascoisasbanais.com.br\/exposicao\/wp-json\/wp\/v2\/comments?post=6668"}],"version-history":[{"count":0,"href":"https:\/\/museudascoisasbanais.com.br\/exposicao\/wp-json\/wp\/v2\/tnc_col_5852_item\/6668\/revisions"}],"wp:featuredmedia":[{"embeddable":true,"href":"https:\/\/museudascoisasbanais.com.br\/exposicao\/wp-json\/wp\/v2\/media\/6669"}],"wp:attachment":[{"href":"https:\/\/museudascoisasbanais.com.br\/exposicao\/wp-json\/wp\/v2\/media?parent=6668"}],"curies":[{"name":"wp","href":"https:\/\/api.w.org\/{rel}","templated":true}]}}

<p>&#8220;Levada da Breca Emília uma linda boneca que tanto desejava na infância, dada em um natal especial, pela minha maravilhosa avó. Lembranças, momentos e sensações pairam sobre ela há anos, onde durante viagens, aniversários, e muitas e muitas brincadeiras, essa pequena boneca estava presente. Emília é uma das personagens mais icônicas da literatura infantil, onde durante a história a boneca feia de pano ganha vida, assim sua melhor amiga e colegas se aventuram em viagens e muito mais. E assim foi também minha relação com essa linda bonequinha de pano. Umas das maiores lembranças foi quando minha família foi viajar há uma cidade que encontra no Baixo Amazonas. Um viajem de Belém a Oriximiná que durou 7 dias em uma balsa, foram dias agoniantes e feliz ao mesmo tempo. Dormíamos sobre o motor e balanço da maresia era lindo e sôfrego, mas eu e a Dona Emília adorávamos. Parávamos em quase todos os portos do Baixo Amazonas, e para mim a melhor foi em Monte Alegre, eram subidas e subidas e cada monumento, árvore, pessoa, casa, tinha que relatar a minha fel escudeira. Era lindo e tão inocente, onde a viajem tornava-se mais apreciativa. A chegada ao topo da cidade com minha família junto, com todas as aventuras que já tinha acontecido e que também iriam acontecer, como na vez que a balsa estava quase para virar, ou quando encontramos tartarugas e devolvemos a maré, nossa como deixavam-me em êxtase. A Emília para mim, também é considerado meu objeto afetivo, cujo remete lembranças não somente da minha infância, mas também da minha cidade, da minha família e da minha casa. Foram inúmeros momentos felizes com meus pais, amigos, que são recordados com muito amor e carinho.</p>
