{"id":6638,"date":"2024-10-17T20:59:17","date_gmt":"2024-10-17T23:59:17","guid":{"rendered":"https:\/\/museudascoisasbanais.com.br\/exposicao\/?post_type=tnc_col_5852_item&#038;p=6638"},"modified":"2024-10-17T20:59:18","modified_gmt":"2024-10-17T23:59:18","slug":"relicario","status":"publish","type":"tnc_col_5852_item","link":"https:\/\/museudascoisasbanais.com.br\/exposicao\/objetos-que-aproximam-dentro-de-casa\/relicario\/","title":{"rendered":"Relic\u00e1rio"},"content":{"rendered":"<p>Sa\u00ed do pelourinho com ele. ganhei num sebo, do cuidador daquele lugar incr\u00edvel. num dia de andan\u00e7as e coisas antigas, riquezas e gente fina pra caramba. era perto do dois de fevereiro. andei com ele vazio por um tempo, depois achava coisas pequenas e botava l\u00e1&#8230; sei l\u00e1, esperando o dia de preench\u00ea-lo~~ n\u00e3o era um objeto de decora\u00e7\u00e3o, de cara eu sentia. andei de estrada em estrada, sa\u00ed da bahia, desci, subi, carnaval, trampo nos bares _aquela foi uma viagem longa, e ele j\u00e1 uma presen\u00e7a a me acompanhar. voltei \u00e0 bel\u00e9m. vivi um ano inteiro at\u00e9 chegar naquela noite, o primeiro dos dias em minha casa de \u00e0s\u00e9. eu n\u00e3o sabia. e tamb\u00e9m n\u00e3o sabia, mas j\u00e1 trazia comigo, em cobre e \u00e1gata de fogo, o relic\u00e1rio onde meu pai encantado gosta de guardar feiti\u00e7os. ancestralidade, o tempo me d\u00e1 de presente.<\/p>\n","protected":false},"featured_media":6639,"parent":0,"menu_order":0,"comment_status":"closed","ping_status":"closed","template":"","format":"standard","class_list":["post-6638","tnc_col_5852_item","type-tnc_col_5852_item","status-publish","format-standard","has-post-thumbnail","hentry","tnc_tax_19-belem-para","tnc_tax_5-garagem"],"_links":{"self":[{"href":"https:\/\/museudascoisasbanais.com.br\/exposicao\/wp-json\/wp\/v2\/tnc_col_5852_item\/6638"}],"collection":[{"href":"https:\/\/museudascoisasbanais.com.br\/exposicao\/wp-json\/wp\/v2\/tnc_col_5852_item"}],"about":[{"href":"https:\/\/museudascoisasbanais.com.br\/exposicao\/wp-json\/wp\/v2\/types\/tnc_col_5852_item"}],"replies":[{"embeddable":true,"href":"https:\/\/museudascoisasbanais.com.br\/exposicao\/wp-json\/wp\/v2\/comments?post=6638"}],"version-history":[{"count":0,"href":"https:\/\/museudascoisasbanais.com.br\/exposicao\/wp-json\/wp\/v2\/tnc_col_5852_item\/6638\/revisions"}],"wp:featuredmedia":[{"embeddable":true,"href":"https:\/\/museudascoisasbanais.com.br\/exposicao\/wp-json\/wp\/v2\/media\/6639"}],"wp:attachment":[{"href":"https:\/\/museudascoisasbanais.com.br\/exposicao\/wp-json\/wp\/v2\/media?parent=6638"}],"curies":[{"name":"wp","href":"https:\/\/api.w.org\/{rel}","templated":true}]}}

Relicário

<p>Saí do pelourinho com ele. ganhei num sebo, do cuidador daquele lugar incrível. num dia de andanças e coisas antigas, riquezas e gente fina pra caramba. era perto do dois de fevereiro. andei com ele vazio por um tempo, depois achava coisas pequenas e botava lá&#8230; sei lá, esperando o dia de preenchê-lo~~ não era um objeto de decoração, de cara eu sentia. andei de estrada em estrada, saí da bahia, desci, subi, carnaval, trampo nos bares _aquela foi uma viagem longa, e ele já uma presença a me acompanhar. voltei à belém. vivi um ano inteiro até chegar naquela noite, o primeiro dos dias em minha casa de àsé. eu não sabia. e também não sabia, mas já trazia comigo, em cobre e ágata de fogo, o relicário onde meu pai encantado gosta de guardar feitiços. ancestralidade, o tempo me dá de presente.</p>
