{"id":6601,"date":"2024-10-17T20:58:55","date_gmt":"2024-10-17T23:58:55","guid":{"rendered":"https:\/\/museudascoisasbanais.com.br\/exposicao\/?post_type=tnc_col_5852_item&#038;p=6601"},"modified":"2024-10-17T20:58:56","modified_gmt":"2024-10-17T23:58:56","slug":"os-dois-ou-adeus-em-dia-de-aplauso","status":"publish","type":"tnc_col_5852_item","link":"https:\/\/museudascoisasbanais.com.br\/exposicao\/objetos-que-aproximam-dentro-de-casa\/os-dois-ou-adeus-em-dia-de-aplauso\/","title":{"rendered":"Os dois (ou Adeus, em dia de aplauso)"},"content":{"rendered":"<p>Os dois s\u00e3o um casal&#8230; os objetos em si chegaram a mim quando comprei, mas s\u00e3o jamais imagin\u00e1ria Steven e Conie separados, como na \u00e9poca, n\u00e3o imaginava que nossa separa\u00e7\u00e3o. A foto foi tirada no lugar em que terminou o meu primeiro amor, um lugar onde um casal que parecia insepar\u00e1vel chegou ao fim.<\/p>\n","protected":false},"featured_media":6602,"parent":0,"menu_order":0,"comment_status":"closed","ping_status":"closed","template":"","format":"standard","class_list":["post-6601","tnc_col_5852_item","type-tnc_col_5852_item","status-publish","format-standard","has-post-thumbnail","hentry","tnc_tax_19-uberlandia","tnc_tax_5-garagem"],"_links":{"self":[{"href":"https:\/\/museudascoisasbanais.com.br\/exposicao\/wp-json\/wp\/v2\/tnc_col_5852_item\/6601"}],"collection":[{"href":"https:\/\/museudascoisasbanais.com.br\/exposicao\/wp-json\/wp\/v2\/tnc_col_5852_item"}],"about":[{"href":"https:\/\/museudascoisasbanais.com.br\/exposicao\/wp-json\/wp\/v2\/types\/tnc_col_5852_item"}],"replies":[{"embeddable":true,"href":"https:\/\/museudascoisasbanais.com.br\/exposicao\/wp-json\/wp\/v2\/comments?post=6601"}],"version-history":[{"count":0,"href":"https:\/\/museudascoisasbanais.com.br\/exposicao\/wp-json\/wp\/v2\/tnc_col_5852_item\/6601\/revisions"}],"wp:featuredmedia":[{"embeddable":true,"href":"https:\/\/museudascoisasbanais.com.br\/exposicao\/wp-json\/wp\/v2\/media\/6602"}],"wp:attachment":[{"href":"https:\/\/museudascoisasbanais.com.br\/exposicao\/wp-json\/wp\/v2\/media?parent=6601"}],"curies":[{"name":"wp","href":"https:\/\/api.w.org\/{rel}","templated":true}]}}

<p>Os dois são um casal&#8230; os objetos em si chegaram a mim quando comprei, mas são jamais imaginária Steven e Conie separados, como na época, não imaginava que nossa separação. A foto foi tirada no lugar em que terminou o meu primeiro amor, um lugar onde um casal que parecia inseparável chegou ao fim.</p>
