{"id":6597,"date":"2024-10-17T20:58:40","date_gmt":"2024-10-17T23:58:40","guid":{"rendered":"https:\/\/museudascoisasbanais.com.br\/exposicao\/?post_type=tnc_col_5852_item&#038;p=6597"},"modified":"2024-10-17T20:58:52","modified_gmt":"2024-10-17T23:58:52","slug":"trilha-sonora","status":"publish","type":"tnc_col_5852_item","link":"https:\/\/museudascoisasbanais.com.br\/exposicao\/objetos-que-aproximam-dentro-de-casa\/trilha-sonora\/","title":{"rendered":"Trilha sonora"},"content":{"rendered":"<p>Minha fam\u00edlia \u00e9 musical, cada um no seu estilo. Tem horas que o sil\u00eancio prevalece, por\u00e9m aos domingos, e quando aglomera\u00e7\u00e3o ainda era permitida, a m\u00fasica sempre fazia e faz parte. Minha casa \u00e9 a mistura de MPB do Roberto ao Caetano e Chico Buarque, com o samba do Martinho da Vila e Zeca Pagodinho, e cl\u00e1ssicos do Bee Gees, ABBA a Raul Seixas. Temos bom gosto!! Parte da cole\u00e7\u00e3o de vinil do meu Pai, que resistiu ao tempo, enfeita a estante da sala rec\u00e9m-pintada. Olho para essas latinhas de dvd\u2019s e lembro-me dele comprando, era o maior barato, rock nacional e internacional, e can\u00e7\u00f5es de novelas. O toca disco de vinil j\u00e1 n\u00e3o existe mais, mas o que se encontra nesta foto daria uma boa trilha!<\/p>\n","protected":false},"featured_media":6598,"parent":0,"menu_order":0,"comment_status":"closed","ping_status":"closed","template":"","format":"standard","class_list":["post-6597","tnc_col_5852_item","type-tnc_col_5852_item","status-publish","format-standard","has-post-thumbnail","hentry","tnc_tax_19-ariquemes","tnc_tax_5-sala-de-estar"],"_links":{"self":[{"href":"https:\/\/museudascoisasbanais.com.br\/exposicao\/wp-json\/wp\/v2\/tnc_col_5852_item\/6597"}],"collection":[{"href":"https:\/\/museudascoisasbanais.com.br\/exposicao\/wp-json\/wp\/v2\/tnc_col_5852_item"}],"about":[{"href":"https:\/\/museudascoisasbanais.com.br\/exposicao\/wp-json\/wp\/v2\/types\/tnc_col_5852_item"}],"replies":[{"embeddable":true,"href":"https:\/\/museudascoisasbanais.com.br\/exposicao\/wp-json\/wp\/v2\/comments?post=6597"}],"version-history":[{"count":0,"href":"https:\/\/museudascoisasbanais.com.br\/exposicao\/wp-json\/wp\/v2\/tnc_col_5852_item\/6597\/revisions"}],"wp:featuredmedia":[{"embeddable":true,"href":"https:\/\/museudascoisasbanais.com.br\/exposicao\/wp-json\/wp\/v2\/media\/6598"}],"wp:attachment":[{"href":"https:\/\/museudascoisasbanais.com.br\/exposicao\/wp-json\/wp\/v2\/media?parent=6597"}],"curies":[{"name":"wp","href":"https:\/\/api.w.org\/{rel}","templated":true}]}}

<p>Minha família é musical, cada um no seu estilo. Tem horas que o silêncio prevalece, porém aos domingos, e quando aglomeração ainda era permitida, a música sempre fazia e faz parte. Minha casa é a mistura de MPB do Roberto ao Caetano e Chico Buarque, com o samba do Martinho da Vila e Zeca Pagodinho, e clássicos do Bee Gees, ABBA a Raul Seixas. Temos bom gosto!! Parte da coleção de vinil do meu Pai, que resistiu ao tempo, enfeita a estante da sala recém-pintada. Olho para essas latinhas de dvd’s e lembro-me dele comprando, era o maior barato, rock nacional e internacional, e canções de novelas. O toca disco de vinil já não existe mais, mas o que se encontra nesta foto daria uma boa trilha!</p>
