{"id":6039,"date":"2024-10-17T20:48:51","date_gmt":"2024-10-17T23:48:51","guid":{"rendered":"https:\/\/museudascoisasbanais.com.br\/exposicao\/?post_type=tnc_col_5852_item&#038;p=6039"},"modified":"2024-10-17T20:48:51","modified_gmt":"2024-10-17T23:48:51","slug":"lembrancas-que-dona-cida-teceu","status":"publish","type":"tnc_col_5852_item","link":"https:\/\/museudascoisasbanais.com.br\/exposicao\/objetos-que-aproximam-dentro-de-casa\/lembrancas-que-dona-cida-teceu\/","title":{"rendered":"Lembran\u00e7as que Dona Cida teceu"},"content":{"rendered":"<p>Sempre me recordo da minha m\u00e3e no sof\u00e1 da sala, assistindo a um filme ou novela e tecendo as linhas coloridas. As linhas que tomavam a forma de uma blusa nova, uma meia para aquecer os p\u00e9s no inverno, um cachecol para dar de presente e assim os novelos iam se acabando e sendo novos comprados. Linhas coloridas que se transformavam nos vestidos de festa, longos que me acompanharam nas festas de minha juventude. Com a linha branca foi tecido o meu vestido da minha formatura, leve, lindo que foi elogiado at\u00e9 pela madre superiora do col\u00e9gio cat\u00f3lico que eu estudava. E minha m\u00e3e com sorrisos no rosto, mostrando o orgulho do trabalho reconhecido. Foi ela que teceu o meu vestido de noiva. Linha branca e amarelo clarinho nos detalhes, que enfiava num saco branco de farinha e corria esconder sempre que meu noivo vinha me visitar. D\u00e1 azar o noivo ver o vestido antes do casamento. Quando se foi, deixou as agulhas para tr\u00e1s e eu as recolhi para tecer novas hist\u00f3rias para minhas filhas e netos.<\/p>\n","protected":false},"featured_media":6040,"parent":0,"menu_order":0,"comment_status":"closed","ping_status":"closed","template":"","format":"standard","class_list":["post-6039","tnc_col_5852_item","type-tnc_col_5852_item","status-publish","format-standard","has-post-thumbnail","hentry","tnc_tax_19-sao-paulo-sao-paulo","tnc_tax_5-area-de-servico-e-quintal"],"_links":{"self":[{"href":"https:\/\/museudascoisasbanais.com.br\/exposicao\/wp-json\/wp\/v2\/tnc_col_5852_item\/6039"}],"collection":[{"href":"https:\/\/museudascoisasbanais.com.br\/exposicao\/wp-json\/wp\/v2\/tnc_col_5852_item"}],"about":[{"href":"https:\/\/museudascoisasbanais.com.br\/exposicao\/wp-json\/wp\/v2\/types\/tnc_col_5852_item"}],"replies":[{"embeddable":true,"href":"https:\/\/museudascoisasbanais.com.br\/exposicao\/wp-json\/wp\/v2\/comments?post=6039"}],"version-history":[{"count":0,"href":"https:\/\/museudascoisasbanais.com.br\/exposicao\/wp-json\/wp\/v2\/tnc_col_5852_item\/6039\/revisions"}],"wp:featuredmedia":[{"embeddable":true,"href":"https:\/\/museudascoisasbanais.com.br\/exposicao\/wp-json\/wp\/v2\/media\/6040"}],"wp:attachment":[{"href":"https:\/\/museudascoisasbanais.com.br\/exposicao\/wp-json\/wp\/v2\/media?parent=6039"}],"curies":[{"name":"wp","href":"https:\/\/api.w.org\/{rel}","templated":true}]}}

Lembranças que Dona Cida teceu

<p>Sempre me recordo da minha mãe no sofá da sala, assistindo a um filme ou novela e tecendo as linhas coloridas. As linhas que tomavam a forma de uma blusa nova, uma meia para aquecer os pés no inverno, um cachecol para dar de presente e assim os novelos iam se acabando e sendo novos comprados. Linhas coloridas que se transformavam nos vestidos de festa, longos que me acompanharam nas festas de minha juventude. Com a linha branca foi tecido o meu vestido da minha formatura, leve, lindo que foi elogiado até pela madre superiora do colégio católico que eu estudava. E minha mãe com sorrisos no rosto, mostrando o orgulho do trabalho reconhecido. Foi ela que teceu o meu vestido de noiva. Linha branca e amarelo clarinho nos detalhes, que enfiava num saco branco de farinha e corria esconder sempre que meu noivo vinha me visitar. Dá azar o noivo ver o vestido antes do casamento. Quando se foi, deixou as agulhas para trás e eu as recolhi para tecer novas histórias para minhas filhas e netos.</p>
