{"id":6035,"date":"2024-10-17T20:48:49","date_gmt":"2024-10-17T23:48:49","guid":{"rendered":"https:\/\/museudascoisasbanais.com.br\/exposicao\/?post_type=tnc_col_5852_item&#038;p=6035"},"modified":"2024-10-17T20:48:50","modified_gmt":"2024-10-17T23:48:50","slug":"quadro-de-la-vo-zelia","status":"publish","type":"tnc_col_5852_item","link":"https:\/\/museudascoisasbanais.com.br\/exposicao\/objetos-que-aproximam-dentro-de-casa\/quadro-de-la-vo-zelia\/","title":{"rendered":"Quadro de l\u00e3 &#8211; v\u00f3 Z\u00e9lia"},"content":{"rendered":"<p>Nesse longo tempo em casa, olhar para a casa foi uma das coisas que nos restou. Eu n\u00e3o sabia, mas tive tempo de aprender durante essa quarentena,que eu j\u00e1 tinha isso como h\u00e1bito h\u00e1 muito tempo. Poderia reconstruir em detalhes um apartamento que meus av\u00f3s moraram por muitos anos na minha inf\u00e2ncia. Os objetos,m\u00f3veis e fotografias me inspiravam algo de familiar, de hist\u00f3ria acumulada e sendo contada ao mesmo tempo, mas tamb\u00e9m me inspirava uma sensa\u00e7\u00e3o de aventura. Talvez pela pedra de rio alaranjada que segurava a porta da cozinha, porque eu n\u00e3o sabia de qual rio ela tinha vindo. A concha grande que minha av\u00f3 nos ensinou em segredo que era para ouvir o mar. A tape\u00e7aria de cavalos correndo sob um fundo azul, eu imaginava o que fazia deles serem t\u00e3o livres. O espelho circular com moldura de couro em formato de sol que ficava no corredor, quem sabia fazer aquele tipo de trabalho detalhado no couro? O quartinho de costura, com caixas de carretel de linha, caixas de retalhos, caixas de papel de corte, caixas de tecido, e as pe\u00e7as de argila secando nas folhas de jornal. O quanto de coisa seria poss\u00edvel serem criadas ali? A exuber\u00e2ncia de pratos estampados com flores grandes em tons de vermelho, amarelo e verde. Enfim, essa casa tinha essa parte da aventura que me fazia, imaginar, olhar para fora, mas equilibrava muito bem com uma parte familiar, de conhecer, olhar para dentro. Os \u00e1lbuns de fam\u00edlia e os de viagem dos dois depois que se aposentaram, o rosto dos netos e netas nos porta-retratos da estante. A mesinha de centro que a gente usava para comer abacate com a\u00e7\u00facar sentado no ch\u00e3o com o vov\u00f4. O cheiro dos vidros de perfume e do pompomz\u00e3o de talco expostos cuidadosamente na pia do banheiro, serviram para me contar sobre quem eram os meus av\u00f3s. Quando os dois se foram em 2018, nossa vida estava uma bagun\u00e7a com meu pai em tratamento de uma doen\u00e7a grave. Eu nem pude sentir direito ou me envolver com detalhes pr\u00e1ticos, como a casa, seus objetos, a hist\u00f3ria deixada pra tr\u00e1s. Sei que algum tempo depois, chegou at\u00e9 mim esse quadro, meus tios decidiram que ele seria meu. Dif\u00edcil segurar a emo\u00e7\u00e3o porque ele me transporta diretamente para essa casa da minha inf\u00e2ncia que me fez t\u00e3o bem. Gosto de pensar que ele \u00e9 um item que se encaixa nos objetos de olhar para fora e tamb\u00e9m dos de olhar para dentro. Ele me fala de paisagens distantes a serem descobertas e essas cores e a linha de l\u00e3 sintetizam minha av\u00f3 nas coisas que ela gostava de fazer e no estilo pr\u00f3prio que conseguia imprimir em tudo que falava, fazia e escolhia.<\/p>\n","protected":false},"featured_media":6036,"parent":0,"menu_order":0,"comment_status":"closed","ping_status":"closed","template":"","format":"standard","class_list":["post-6035","tnc_col_5852_item","type-tnc_col_5852_item","status-publish","format-standard","has-post-thumbnail","hentry","tnc_tax_19-serra","tnc_tax_5-sala-de-estar"],"_links":{"self":[{"href":"https:\/\/museudascoisasbanais.com.br\/exposicao\/wp-json\/wp\/v2\/tnc_col_5852_item\/6035"}],"collection":[{"href":"https:\/\/museudascoisasbanais.com.br\/exposicao\/wp-json\/wp\/v2\/tnc_col_5852_item"}],"about":[{"href":"https:\/\/museudascoisasbanais.com.br\/exposicao\/wp-json\/wp\/v2\/types\/tnc_col_5852_item"}],"replies":[{"embeddable":true,"href":"https:\/\/museudascoisasbanais.com.br\/exposicao\/wp-json\/wp\/v2\/comments?post=6035"}],"version-history":[{"count":0,"href":"https:\/\/museudascoisasbanais.com.br\/exposicao\/wp-json\/wp\/v2\/tnc_col_5852_item\/6035\/revisions"}],"wp:featuredmedia":[{"embeddable":true,"href":"https:\/\/museudascoisasbanais.com.br\/exposicao\/wp-json\/wp\/v2\/media\/6036"}],"wp:attachment":[{"href":"https:\/\/museudascoisasbanais.com.br\/exposicao\/wp-json\/wp\/v2\/media?parent=6035"}],"curies":[{"name":"wp","href":"https:\/\/api.w.org\/{rel}","templated":true}]}}

Quadro de lã &#8211; vó Zélia

<p>Nesse longo tempo em casa, olhar para a casa foi uma das coisas que nos restou. Eu não sabia, mas tive tempo de aprender durante essa quarentena,que eu já tinha isso como hábito há muito tempo. Poderia reconstruir em detalhes um apartamento que meus avós moraram por muitos anos na minha infância. Os objetos,móveis e fotografias me inspiravam algo de familiar, de história acumulada e sendo contada ao mesmo tempo, mas também me inspirava uma sensação de aventura. Talvez pela pedra de rio alaranjada que segurava a porta da cozinha, porque eu não sabia de qual rio ela tinha vindo. A concha grande que minha avó nos ensinou em segredo que era para ouvir o mar. A tapeçaria de cavalos correndo sob um fundo azul, eu imaginava o que fazia deles serem tão livres. O espelho circular com moldura de couro em formato de sol que ficava no corredor, quem sabia fazer aquele tipo de trabalho detalhado no couro? O quartinho de costura, com caixas de carretel de linha, caixas de retalhos, caixas de papel de corte, caixas de tecido, e as peças de argila secando nas folhas de jornal. O quanto de coisa seria possível serem criadas ali? A exuberância de pratos estampados com flores grandes em tons de vermelho, amarelo e verde. Enfim, essa casa tinha essa parte da aventura que me fazia, imaginar, olhar para fora, mas equilibrava muito bem com uma parte familiar, de conhecer, olhar para dentro. Os álbuns de família e os de viagem dos dois depois que se aposentaram, o rosto dos netos e netas nos porta-retratos da estante. A mesinha de centro que a gente usava para comer abacate com açúcar sentado no chão com o vovô. O cheiro dos vidros de perfume e do pompomzão de talco expostos cuidadosamente na pia do banheiro, serviram para me contar sobre quem eram os meus avós. Quando os dois se foram em 2018, nossa vida estava uma bagunça com meu pai em tratamento de uma doença grave. Eu nem pude sentir direito ou me envolver com detalhes práticos, como a casa, seus objetos, a história deixada pra trás. Sei que algum tempo depois, chegou até mim esse quadro, meus tios decidiram que ele seria meu. Difícil segurar a emoção porque ele me transporta diretamente para essa casa da minha infância que me fez tão bem. Gosto de pensar que ele é um item que se encaixa nos objetos de olhar para fora e também dos de olhar para dentro. Ele me fala de paisagens distantes a serem descobertas e essas cores e a linha de lã sintetizam minha avó nas coisas que ela gostava de fazer e no estilo próprio que conseguia imprimir em tudo que falava, fazia e escolhia.</p>
