{"id":7166,"date":"2024-10-17T20:37:35","date_gmt":"2024-10-17T23:37:35","guid":{"rendered":"https:\/\/museudascoisasbanais.com.br\/acervo\/?post_type=tnc_col_5937_item&#038;p=7166"},"modified":"2024-10-17T20:37:44","modified_gmt":"2024-10-17T23:37:44","slug":"cadeira-telefonica","status":"publish","type":"tnc_col_5937_item","link":"https:\/\/museudascoisasbanais.com.br\/acervo\/pessoas\/cadeira-telefonica\/","title":{"rendered":"Cadeira Telef\u00f4nica"},"content":{"rendered":"<p>Entre todos os objetos existentes em minha casa, se destaca a cadeira telef\u00f4nica, heran\u00e7a de minha av\u00f3 Rosa Alves de Ara\u00fajo, que faleceu a pouco menos de 1 ano, v\u00edtima de covid-19. A cadeira carrega um grande valor sentimental para todos de nossa fam\u00edlia, principalmente para mim que sempre fui muito apegada a minha av\u00f3 e sofri com sua partida, ouvi muitas hist\u00f3rias contadas por ela sobre essa cadeira em minha inf\u00e2ncia, e tenho prazer em ter um objeto que pertenceu a ela em minha casa, eternas saudades dona Rosa, a melhor av\u00f3 do mundo.<\/p>\n","protected":false},"featured_media":7167,"parent":0,"menu_order":0,"comment_status":"closed","ping_status":"closed","template":"","format":"standard","class_list":["post-7166","tnc_col_5937_item","type-tnc_col_5937_item","status-publish","format-standard","has-post-thumbnail","hentry","tnc_tax_5790-familiar","tnc_tax_5-alcantaras"],"_links":{"self":[{"href":"https:\/\/museudascoisasbanais.com.br\/acervo\/wp-json\/wp\/v2\/tnc_col_5937_item\/7166"}],"collection":[{"href":"https:\/\/museudascoisasbanais.com.br\/acervo\/wp-json\/wp\/v2\/tnc_col_5937_item"}],"about":[{"href":"https:\/\/museudascoisasbanais.com.br\/acervo\/wp-json\/wp\/v2\/types\/tnc_col_5937_item"}],"replies":[{"embeddable":true,"href":"https:\/\/museudascoisasbanais.com.br\/acervo\/wp-json\/wp\/v2\/comments?post=7166"}],"version-history":[{"count":0,"href":"https:\/\/museudascoisasbanais.com.br\/acervo\/wp-json\/wp\/v2\/tnc_col_5937_item\/7166\/revisions"}],"wp:featuredmedia":[{"embeddable":true,"href":"https:\/\/museudascoisasbanais.com.br\/acervo\/wp-json\/wp\/v2\/media\/7167"}],"wp:attachment":[{"href":"https:\/\/museudascoisasbanais.com.br\/acervo\/wp-json\/wp\/v2\/media?parent=7166"}],"curies":[{"name":"wp","href":"https:\/\/api.w.org\/{rel}","templated":true}]}}

Cadeira Telefônica

<p>Entre todos os objetos existentes em minha casa, se destaca a cadeira telefônica, herança de minha avó Rosa Alves de Araújo, que faleceu a pouco menos de 1 ano, vítima de covid-19. A cadeira carrega um grande valor sentimental para todos de nossa família, principalmente para mim que sempre fui muito apegada a minha avó e sofri com sua partida, ouvi muitas histórias contadas por ela sobre essa cadeira em minha infância, e tenho prazer em ter um objeto que pertenceu a ela em minha casa, eternas saudades dona Rosa, a melhor avó do mundo.</p>
