{"id":6518,"date":"2024-10-17T20:33:09","date_gmt":"2024-10-17T23:33:09","guid":{"rendered":"https:\/\/museudascoisasbanais.com.br\/acervo\/?post_type=tnc_col_5867_item&#038;p=6518"},"modified":"2024-10-17T20:33:10","modified_gmt":"2024-10-17T23:33:10","slug":"imagem-de-santa-luzia-talhada-em-madeira-na-decada-de-30","status":"publish","type":"tnc_col_5867_item","link":"https:\/\/museudascoisasbanais.com.br\/acervo\/trecos-trocos-e-coisas\/imagem-de-santa-luzia-talhada-em-madeira-na-decada-de-30\/","title":{"rendered":"Imagem de Santa Luzia talhada em madeira na d\u00e9cada de 30."},"content":{"rendered":"<p>Por ocasi\u00e3o de um problema de vis\u00e3o, meu bisav\u00f4 Manuel Pedro Xavier da Rocha, falecido em 1942 fez um voto com Santa Luzia para recuperar a vis\u00e3o. Tendo sido atendido, Santa Luzia passou a ser sua santa de devo\u00e7\u00e3o; O que vem passando de gera\u00e7\u00e3o em gera\u00e7\u00e3o. Hoje quem det\u00e9m a posse da imagem sagrada \u00e9 a terceira gera\u00e7\u00e3o do SR. Manoel Pedro, ficando esta guardada em um santu\u00e1rio em minha querida resid\u00eancia.<\/p>\n","protected":false},"featured_media":6519,"parent":0,"menu_order":0,"comment_status":"closed","ping_status":"closed","template":"","format":"standard","class_list":["post-6518","tnc_col_5867_item","type-tnc_col_5867_item","status-publish","format-standard","has-post-thumbnail","hentry","tnc_tax_5790-antiguidade","tnc_tax_5-parelhas"],"_links":{"self":[{"href":"https:\/\/museudascoisasbanais.com.br\/acervo\/wp-json\/wp\/v2\/tnc_col_5867_item\/6518"}],"collection":[{"href":"https:\/\/museudascoisasbanais.com.br\/acervo\/wp-json\/wp\/v2\/tnc_col_5867_item"}],"about":[{"href":"https:\/\/museudascoisasbanais.com.br\/acervo\/wp-json\/wp\/v2\/types\/tnc_col_5867_item"}],"replies":[{"embeddable":true,"href":"https:\/\/museudascoisasbanais.com.br\/acervo\/wp-json\/wp\/v2\/comments?post=6518"}],"version-history":[{"count":0,"href":"https:\/\/museudascoisasbanais.com.br\/acervo\/wp-json\/wp\/v2\/tnc_col_5867_item\/6518\/revisions"}],"wp:featuredmedia":[{"embeddable":true,"href":"https:\/\/museudascoisasbanais.com.br\/acervo\/wp-json\/wp\/v2\/media\/6519"}],"wp:attachment":[{"href":"https:\/\/museudascoisasbanais.com.br\/acervo\/wp-json\/wp\/v2\/media?parent=6518"}],"curies":[{"name":"wp","href":"https:\/\/api.w.org\/{rel}","templated":true}]}}

Imagem de Santa Luzia talhada em madeira na década de 30.

<p>Por ocasião de um problema de visão, meu bisavô Manuel Pedro Xavier da Rocha, falecido em 1942 fez um voto com Santa Luzia para recuperar a visão. Tendo sido atendido, Santa Luzia passou a ser sua santa de devoção; O que vem passando de geração em geração. Hoje quem detém a posse da imagem sagrada é a terceira geração do SR. Manoel Pedro, ficando esta guardada em um santuário em minha querida residência.</p>
