{"id":6508,"date":"2024-10-17T20:32:53","date_gmt":"2024-10-17T23:32:53","guid":{"rendered":"https:\/\/museudascoisasbanais.com.br\/acervo\/?post_type=tnc_col_5867_item&#038;p=6508"},"modified":"2024-10-17T20:32:54","modified_gmt":"2024-10-17T23:32:54","slug":"o-pretao","status":"publish","type":"tnc_col_5867_item","link":"https:\/\/museudascoisasbanais.com.br\/acervo\/trecos-trocos-e-coisas\/o-pretao\/","title":{"rendered":"O Pret\u00e3o"},"content":{"rendered":"<p>O Pret\u00e3o, que na verdade n\u00e3o \u00e9 t\u00e3o preto assim, \u00e9 um motoradio que est\u00e1 na minha fam\u00edlia h\u00e1 uns 40 anos. Ele foi comprado pelo meu av\u00f4, que o apelidou assim, ele veio a falecer alguns anos depois, e o Pret\u00e3o passou a ser da minha v\u00f3, que sempre zelou e cuidou do r\u00e1dio, pois era a \u00fanica coisa que ela tinha para lembrar do meu av\u00f4. Quando eu tinha 5 anos, meus pais se separam, e eu fui morar na casa da minha av\u00f3, que vivia com minha tia deficiente visual. Era em uma casa humilde, que nem mesmo tinha televis\u00e3o, escutar radio era o principal entretenimento, principalmente para a minha tia cega. O r\u00e1dio ficava ligado praticamente o dia todo, isso fez eu me conectar com v\u00e1rios programas de r\u00e1dio, em especial o \u201cviolas e repentes\u201d, que \u00e9 um programa de grande tradi\u00e7\u00e3o da radio Educadora do Nordeste. Em 2008 minha v\u00f3 tamb\u00e9m faleceu, e o Pret\u00e3o passou a ser da minha tia, que mora comigo at\u00e9 hoje. Ele ainda funciona, por\u00e9m algo muito triste aconteceu recentemente, todas as r\u00e1dios da minha regi\u00e3o passaram a ser apenas na frequ\u00eancia FM, sendo que o modelo do Pret\u00e3o \u00e9 antigo e s\u00f3 reconhece frequ\u00eancias AM. Com isso ele se tornou inoperante, sua vida \u00fatil chegou ao fim. Na sociedade consumista em que vivemos, a maioria dos produtos s\u00e3o datados, feitos para serem substitu\u00eddos a curto prazo. Por\u00e9m o Pret\u00e3o \u00e9 mais que um r\u00e1dio, \u00e9 mais que um simples objeto, ele \u00e9 uma lembran\u00e7a viva de toda uma gera\u00e7\u00e3o, e algo assim \u00e9 insubstitu\u00edvel. Pretendo guard\u00e1-lo, e repassa-lo quando chegar a hora.<\/p>\n","protected":false},"featured_media":6509,"parent":0,"menu_order":0,"comment_status":"closed","ping_status":"closed","template":"","format":"standard","class_list":["post-6508","tnc_col_5867_item","type-tnc_col_5867_item","status-publish","format-standard","has-post-thumbnail","hentry","tnc_tax_5790-antiguidade","tnc_tax_5-forquilha"],"_links":{"self":[{"href":"https:\/\/museudascoisasbanais.com.br\/acervo\/wp-json\/wp\/v2\/tnc_col_5867_item\/6508"}],"collection":[{"href":"https:\/\/museudascoisasbanais.com.br\/acervo\/wp-json\/wp\/v2\/tnc_col_5867_item"}],"about":[{"href":"https:\/\/museudascoisasbanais.com.br\/acervo\/wp-json\/wp\/v2\/types\/tnc_col_5867_item"}],"replies":[{"embeddable":true,"href":"https:\/\/museudascoisasbanais.com.br\/acervo\/wp-json\/wp\/v2\/comments?post=6508"}],"version-history":[{"count":0,"href":"https:\/\/museudascoisasbanais.com.br\/acervo\/wp-json\/wp\/v2\/tnc_col_5867_item\/6508\/revisions"}],"wp:featuredmedia":[{"embeddable":true,"href":"https:\/\/museudascoisasbanais.com.br\/acervo\/wp-json\/wp\/v2\/media\/6509"}],"wp:attachment":[{"href":"https:\/\/museudascoisasbanais.com.br\/acervo\/wp-json\/wp\/v2\/media?parent=6508"}],"curies":[{"name":"wp","href":"https:\/\/api.w.org\/{rel}","templated":true}]}}

O Pretão

<p>O Pretão, que na verdade não é tão preto assim, é um motoradio que está na minha família há uns 40 anos. Ele foi comprado pelo meu avô, que o apelidou assim, ele veio a falecer alguns anos depois, e o Pretão passou a ser da minha vó, que sempre zelou e cuidou do rádio, pois era a única coisa que ela tinha para lembrar do meu avô. Quando eu tinha 5 anos, meus pais se separam, e eu fui morar na casa da minha avó, que vivia com minha tia deficiente visual. Era em uma casa humilde, que nem mesmo tinha televisão, escutar radio era o principal entretenimento, principalmente para a minha tia cega. O rádio ficava ligado praticamente o dia todo, isso fez eu me conectar com vários programas de rádio, em especial o “violas e repentes”, que é um programa de grande tradição da radio Educadora do Nordeste. Em 2008 minha vó também faleceu, e o Pretão passou a ser da minha tia, que mora comigo até hoje. Ele ainda funciona, porém algo muito triste aconteceu recentemente, todas as rádios da minha região passaram a ser apenas na frequência FM, sendo que o modelo do Pretão é antigo e só reconhece frequências AM. Com isso ele se tornou inoperante, sua vida útil chegou ao fim. Na sociedade consumista em que vivemos, a maioria dos produtos são datados, feitos para serem substituídos a curto prazo. Porém o Pretão é mais que um rádio, é mais que um simples objeto, ele é uma lembrança viva de toda uma geração, e algo assim é insubstituível. Pretendo guardá-lo, e repassa-lo quando chegar a hora.</p>
