{"id":6501,"date":"2024-10-17T20:32:52","date_gmt":"2024-10-17T23:32:52","guid":{"rendered":"https:\/\/museudascoisasbanais.com.br\/acervo\/?post_type=tnc_col_5867_item&#038;p=6501"},"modified":"2024-10-19T02:38:53","modified_gmt":"2024-10-19T05:38:53","slug":"minha-canequinha","status":"publish","type":"tnc_col_5867_item","link":"https:\/\/museudascoisasbanais.com.br\/acervo\/trecos-trocos-e-coisas\/minha-canequinha\/","title":{"rendered":"Minha canequinha"},"content":{"rendered":"<p>Faz cerca de 6 meses que eu me mudei da casa dos meus pais. Me formei recentemente no ensino m\u00e9dio e fui para o interior do estado fazer faculdade. A principio fiquei com muito medo de me mudar, mas quando cheguei na nova cidade logo me encontrei, parecia tudo um conto de fadas. \u00c9 claro que n\u00e3o demorou muito para a realidade bater na minha porta e os perrengues come\u00e7arem a aparecer. Passei por uns maus bocados, as coisas estavam ficando dif\u00edceis e eu estava com muita saudade dos meus pais, ent\u00e3o eu decidi ir para casa em um feriado em junho, pouco antes das f\u00e9rias. Quando cheguei l\u00e1 meus pais me receberam de bra\u00e7os abertos, e me levaram para passear. Foi um dia sensacional, meus pais me levaram em um restaurante e depois em um vinhedo. O vinhedo tinha uma barraquinha que vendia licor e chocolate quente. Eu peguei um chocolate quente e ganhei a minha canequinha, ela me faz lembrar de casa e de como eu sou acolhida quando eu estou l\u00e1 e que n\u00e3o importa o qu\u00e3o dif\u00edcil as coisas estejam por eu estar longe, eu sempre vou ter um lugar acolhedor para voltar. Depois quando eu voltei para a faculdade consegui me acertar, estou cuidando mais de mim e todas as vezes que eu fico mal eu lembro que n\u00e3o estou sozinha. A canequinha \u00e9 um jeito de materializar a confian\u00e7a e o amor que meus pais sentem por mim.<\/p>\n","protected":false},"featured_media":8442,"parent":0,"menu_order":0,"comment_status":"closed","ping_status":"closed","template":"","format":"standard","class_list":["post-6501","tnc_col_5867_item","type-tnc_col_5867_item","status-publish","format-standard","has-post-thumbnail","hentry","tnc_tax_5790-lembrancinha","tnc_tax_5-assis"],"_links":{"self":[{"href":"https:\/\/museudascoisasbanais.com.br\/acervo\/wp-json\/wp\/v2\/tnc_col_5867_item\/6501"}],"collection":[{"href":"https:\/\/museudascoisasbanais.com.br\/acervo\/wp-json\/wp\/v2\/tnc_col_5867_item"}],"about":[{"href":"https:\/\/museudascoisasbanais.com.br\/acervo\/wp-json\/wp\/v2\/types\/tnc_col_5867_item"}],"replies":[{"embeddable":true,"href":"https:\/\/museudascoisasbanais.com.br\/acervo\/wp-json\/wp\/v2\/comments?post=6501"}],"version-history":[{"count":1,"href":"https:\/\/museudascoisasbanais.com.br\/acervo\/wp-json\/wp\/v2\/tnc_col_5867_item\/6501\/revisions"}],"predecessor-version":[{"id":8444,"href":"https:\/\/museudascoisasbanais.com.br\/acervo\/wp-json\/wp\/v2\/tnc_col_5867_item\/6501\/revisions\/8444"}],"wp:featuredmedia":[{"embeddable":true,"href":"https:\/\/museudascoisasbanais.com.br\/acervo\/wp-json\/wp\/v2\/media\/8442"}],"wp:attachment":[{"href":"https:\/\/museudascoisasbanais.com.br\/acervo\/wp-json\/wp\/v2\/media?parent=6501"}],"curies":[{"name":"wp","href":"https:\/\/api.w.org\/{rel}","templated":true}]}}

<p>Faz cerca de 6 meses que eu me mudei da casa dos meus pais. Me formei recentemente no ensino médio e fui para o interior do estado fazer faculdade. A principio fiquei com muito medo de me mudar, mas quando cheguei na nova cidade logo me encontrei, parecia tudo um conto de fadas. É claro que não demorou muito para a realidade bater na minha porta e os perrengues começarem a aparecer. Passei por uns maus bocados, as coisas estavam ficando difíceis e eu estava com muita saudade dos meus pais, então eu decidi ir para casa em um feriado em junho, pouco antes das férias. Quando cheguei lá meus pais me receberam de braços abertos, e me levaram para passear. Foi um dia sensacional, meus pais me levaram em um restaurante e depois em um vinhedo. O vinhedo tinha uma barraquinha que vendia licor e chocolate quente. Eu peguei um chocolate quente e ganhei a minha canequinha, ela me faz lembrar de casa e de como eu sou acolhida quando eu estou lá e que não importa o quão difícil as coisas estejam por eu estar longe, eu sempre vou ter um lugar acolhedor para voltar. Depois quando eu voltei para a faculdade consegui me acertar, estou cuidando mais de mim e todas as vezes que eu fico mal eu lembro que não estou sozinha. A canequinha é um jeito de materializar a confiança e o amor que meus pais sentem por mim.</p>
